*w + 7. Let p be g(7). Let t(q) = q + 7. Let r be t(4). Calculate the greatest common divisor of p and r.
11
Suppose -f - 4*f = -80. Let s = 2369 - 2353. Calculate the highest common divisor of f and s.
16
Let g(z) = -58*z - 266. Let i be g(-5). Suppose -4*w = -w - 72. What is the greatest common divisor of w and i?
24
Let q = -6 - -10. Suppose 5*b - 515 = -q*o, 2*o - 2*b = -2*o + 550. What is the highest common divisor of o and 27?
27
Let t = 2 + -5. Let r(l) = -2*l**3 + 3*l**2 - 1. Let w be r(t). Suppose 0 = 4*p - 0*p - w. Calculate the greatest common divisor of p and 50.
10
Let h(t) = -184*t - 474. Let w be h(-3). What is the greatest common divisor of 2418 and w?
78
Let z = -15 + 23. Let l be (260/(-8))/((-2)/z*2). Suppose -2*t - t + 39 = 0. Calculate the greatest common divisor of l and t.
13
Let k = 1331 - 1280. What is the greatest common factor of k and 27?
3
Let n(m) = -16 + 0*m + 16 - m**2 - 2*m. Let u be n(0). Suppose q + 10 - 16 = u. Calculate the greatest common divisor of 24 and q.
6
Suppose -17*o + 2*o + 660 = 0. Let s be 86 + (-6 - -2)/(-2). What is the highest common factor of o and s?
44
Suppose 5*b + 3*v - 25 = 0, -v - 1 = -b - 2*b. Suppose s - 4 = b*s. Let o = s + 10. What is the highest common divisor of o and 66?
6
Let g be (-5 - -162)*2/1. Let o = g + -149. Calculate the highest common factor of o and 33.
33
Let o = 53 + -46. Suppose -o*c + 7 + 14 = 0. Calculate the greatest common divisor of 33 and c.
3
Let y = 27 - 28. Let b be (-31 - -39)*((-1)/(-2) - y). Suppose -l = l - 120. What is the highest common factor of l and b?
12
Let f be (1470/(-25))/(6*(-1)/45). What is the greatest common factor of f and 63?
63
Let v = 9 - 6. Suppose -4*t = -2 - 6. Suppose 3*p = 12, 3*x = 2*x + t*p + 19. Calculate the highest common factor of v and x.
3
Suppose -620 + 506 = -6*w. Suppose -3 = n, 0*n + 146 = k + 2*n. What is the highest common factor of w and k?
19
Suppose 0 = 2*p + p - o - 85, -p + 25 = 3*o. Suppose q = 79 - 9. Calculate the greatest common divisor of q and p.
14
Let v(u) = u - 7. Let q be v(10). Let z(y) = -q + 3*y + 12 - 4*y + 3*y. Let p be z(-4). What is the highest common factor of p and 3?
1
Let i be (9 + 4)*1/(-1). Let a = 30 + i. What is the greatest common factor of a and 68?
17
Suppose 2*n = -2*n + 516. Let k = n + -125. What is the greatest common divisor of k and 8?
4
Suppose 1 = -s, -n - 23 = n - 3*s. Let c be 0/n - (-1 + 1). Suppose 0 = -2*z - 3*w + w + 214, 5*z + w - 527 = c. What is the highest common factor of z and 15?
15
Let s = 2 + 30. Let y be (-16 + (-1300)/(-70))/((-3)/(-28)). Calculate the greatest common divisor of s and y.
8
Suppose -7*m + 20*m = 650. Calculate the greatest common divisor of 5 and m.
5
Let h(g) = -108*g**2 + g + 4. Let w be h(2). Let c be w/(-9) - 4/(-6). What is the highest common divisor of 12 and c?
12
Suppose 109*f - 107*f = 44. Calculate the highest common factor of f and 121.
11
Suppose 44179 = 15*y + 2614. Calculate the highest common divisor of y and 17.
17
Let x(q) = 3*q**2 - 8*q. Let a be x(6). Suppose -87 = -p - 3*c, 3*p + 35 = -4*c + 271. Suppose y + p = 7*y. What is the highest common divisor of y and a?
12
Let l be ((-25)/(-3))/(2/30). Suppose -2*n = 4*a - 0*n - 184, 3*a - 5*n - l = 0. Calculate the greatest common divisor of a and 5.
5
Let j(t) = t + 16. Let g be j(-15). Let d be (-68)/(-17) - 3/g. What is the greatest common factor of d and 8?
1
Suppose -5*p - n = 2*n - 109, -p + 25 = -n. Suppose -32 + 308 = -6*f. Let b be (1/(-8)*f)/(4/16). Calculate the greatest common factor of p and b.
23
Let k = 4 + 106. Let b = 53 + -43. Calculate the greatest common divisor of k and b.
10
Let f = -10681 - -10871. Suppose 2*p - 4 = 34. What is the greatest common divisor of p and f?
19
Let i = 157 + -53. Calculate the greatest common divisor of 130 and i.
26
Let m = 560 + -529. What is the greatest common divisor of 93 and m?
31
Suppose 488 = 3*n + 4*f - 272, 4*n = f + 1045. What is the greatest common divisor of 195 and n?
65
Let j = 30 + -13. Suppose -6*s = -10*s. Suppose s = 137*x - 141*x + 204. Calculate the highest common factor of x and j.
17
Let o(m) = -2*m - 1 + 2 - 19*m**3 + 2 + 21*m**3. Let w be o(3). Calculate the greatest common factor of 34 and w.
17
Let l be ((-12)/(-8))/((156/(-2360))/(-13)). What is the highest common divisor of l and 118?
59
Suppose -6*r = -a - 3*r + 65, 4*a - 216 = r. Let f = 54 - a. What is the highest common divisor of f and 2?
1
Suppose i + 455 = 5*r - 0*i, 5*r = -4*i + 480. Let a be (0 + -69)/(-3*1). Calculate the highest common factor of r and a.
23
Let m = 31 - 51. Let d = -15 - m. Suppose d*t - t = 3*n + 66, 0 = -t - 5*n + 28. What is the highest common divisor of t and 72?
18
Let v = -790 + 925. Calculate the greatest common divisor of v and 30.
15
Suppose 3*j = 12, 3*l + 2*j - 11 - 6 = 0. Suppose 4*n - 26 = l*n. Calculate the highest common divisor of n and 78.
26
Let r(w) be the first derivative of 47*w**3/3 - w**2/2 + 2*w - 1. Let t = 8 - 10. Let d be r(t). Calculate the greatest common divisor of 24 and d.
24
Let v = -136 - -389. Suppose -57 = -3*f + 4*u, f - 7 - 28 = -4*u. What is the greatest common factor of f and v?
23
Suppose p = -12*d + 14*d - 193, 0 = -3*d - 3*p + 285. What is the greatest common divisor of 6 and d?
6
Suppose -c + 6 = 3. Suppose 0*i - 16 = -2*i - 4*w, i + c*w = 4. Let u be (-3)/(36/i)*-15. Calculate the greatest common divisor of 8 and u.
4
Let i(v) = 5*v**2 - 16*v - 58. Let q be i(-5). Let o = 32 + -11. What is the highest common divisor of q and o?
21
Let t = -455 - -499. Calculate the greatest common factor of 33 and t.
11
Suppose -5*r = -10*w + 6*w + 2900, 0 = w - r - 724. Calculate the greatest common divisor of w and 45.
45
Let j(c) = -c**2 - 12*c - 9. Let r(t) = t**2 - 11*t + 1. Let x be r(10). Let q be j(x). What is the greatest common factor of q and 162?
18
Suppose 135 = 11*z - 19. Calculate the highest common divisor of 98 and z.
14
Let g(m) = 36*m - 37. Let l be g(15). Let k = 10 + -8. Suppose 2*i - 3*j - 210 = 0, -4*i + k*j + l = i. Calculate the highest common factor of 33 and i.
33
Let f(p) = 2*p**2 - p + 1. Let l be f(3). Let i(s) = -11*s + 539. Let b be i(33). What is the highest common factor of b and l?
16
Suppose 1444 = -g + 5*g + 3*n, -n = 4*g - 1452. What is the greatest common factor of 56 and g?
28
Let v(y) = -2*y - 3. Let n be v(-5). Let l(m) = 4*m**2 + m - 1. Let w be l(-2). Let r = 64 + w. What is the highest common divisor of r and n?
7
Suppose 0*m + 15 = 3*m. Let v(k) = -2*k + 8. Let g be v(m). Let l = 11 - g. What is the greatest common factor of 143 and l?
13
Let n be 1 + 64 - (-1)/1. Let k(v) = v**3 + 12*v**2 + 21*v + 10. Let y be k(-10). Suppose y = 2*q + 2*q - 24. Calculate the highest common divisor of q and n.
6
Let t be (8/16)/((-3)/(-6)). Let u be (1 + t)*4/4. Suppose -u*y + 3*m + 151 = 0, -2*y - 2*m - 152 = -4*y. What is the greatest common divisor of y and 7?
7
Let r be 4/2*75/(-6)*-2. Calculate the greatest common divisor of 75 and r.
25
Suppose -5*v = -75 - 85. Let j be 44/10 + (-14)/35. Suppose -j*a + 130 = -62. Calculate the greatest common divisor of a and v.
16
Let w = -169 - -449. Suppose 3*l - w = -l. Suppose 5*k + 0*k - l = 0. Calculate the greatest common divisor of k and 7.
7
Let p be 2 + -5 - (1 - 1 - 1). Let s = -1 - p. Calculate the greatest common factor of s and 9.
1
Suppose -232 - 230 = -2*s. Calculate the highest common divisor of s and 308.
77
Suppose 30 = u + m + 4*m, -21 = -u - 2*m. Let i = 107 + -106. What is the greatest common divisor of u and i?
1
Suppose -718 - 2327 = -5*z. Suppose -z = -3*q + 393. Suppose -5*m + 106 = -q. What is the greatest common divisor of 11 and m?
11
Let m(o) = -48*o + 204. Let b be m(4). What is the greatest common factor of b and 246?
6
Suppose 3*x + 4*r - 445 = 9*r, -4*x = r - 624. What is the greatest common divisor of 31 and x?
31
Let p(a) = -2*a**3 - 12*a**2 - 26*a + 4. Let j be p(-5). Calculate the greatest common factor of j and 24.
12
Let m(l) = 5*l**2 + 4*l**2 - 8 + l + 6*l - l**3 + 6*l. Let k be m(10). What is the greatest common factor of 55 and k?
11
Let g be 7/(49/35) - -244. Calculate the greatest common divisor of g and 415.
83
Let f(u) = 5*u**2 - 31*u + 18. Let c be f(7). Calculate the highest